{"id":900,"date":"2022-01-10T13:00:54","date_gmt":"2022-01-10T12:00:54","guid":{"rendered":"https:\/\/www.solaulaz.com\/?page_id=900"},"modified":"2025-12-17T16:32:49","modified_gmt":"2025-12-17T15:32:49","slug":"qui-sommes-nous","status":"publish","type":"page","link":"https:\/\/www.solaulaz.com\/index.php\/qui-sommes-nous\/","title":{"rendered":"Qui sommes-nous ?"},"content":{"rendered":"\n<p>Vous souhaitez offrir \u00e0 un proche un cadeau d&rsquo;exception ? Vous avez envie de d\u00e9corer votre int\u00e9rieur avec une \u0153uvre unique et originale ? <\/p>\n\n\n\n<figure class=\"wp-block-gallery has-nested-images columns-default is-cropped wp-block-gallery-1 is-layout-flex wp-block-gallery-is-layout-flex\">\n<figure class=\"wp-block-image size-large\"><img fetchpriority=\"high\" decoding=\"async\" width=\"1024\" height=\"1024\" data-id=\"898\" src=\"https:\/\/www.solaulaz.com\/wp-content\/uploads\/2022\/01\/IMG_6111-1024x1024.jpg\" alt=\"\" class=\"wp-image-898\" srcset=\"https:\/\/www.solaulaz.com\/wp-content\/uploads\/2022\/01\/IMG_6111-1024x1024.jpg 1024w, https:\/\/www.solaulaz.com\/wp-content\/uploads\/2022\/01\/IMG_6111-300x300.jpg 300w, https:\/\/www.solaulaz.com\/wp-content\/uploads\/2022\/01\/IMG_6111-150x150.jpg 150w, https:\/\/www.solaulaz.com\/wp-content\/uploads\/2022\/01\/IMG_6111-768x768.jpg 768w, https:\/\/www.solaulaz.com\/wp-content\/uploads\/2022\/01\/IMG_6111-1536x1536.jpg 1536w, https:\/\/www.solaulaz.com\/wp-content\/uploads\/2022\/01\/IMG_6111-2048x2048.jpg 2048w, https:\/\/www.solaulaz.com\/wp-content\/uploads\/2022\/01\/IMG_6111-600x600.jpg 600w, https:\/\/www.solaulaz.com\/wp-content\/uploads\/2022\/01\/IMG_6111-100x100.jpg 100w\" sizes=\"(max-width: 1024px) 100vw, 1024px\" \/><\/figure>\n\n\n\n<figure class=\"wp-block-image size-large\"><img decoding=\"async\" width=\"1024\" height=\"1024\" data-id=\"566\" src=\"https:\/\/www.solaulaz.com\/wp-content\/uploads\/2022\/01\/Sophie-Laurent-Lazinier-Elesson-vue-4-1024x1024.jpg\" alt=\"\" class=\"wp-image-566\" srcset=\"https:\/\/www.solaulaz.com\/wp-content\/uploads\/2022\/01\/Sophie-Laurent-Lazinier-Elesson-vue-4-1024x1024.jpg 1024w, https:\/\/www.solaulaz.com\/wp-content\/uploads\/2022\/01\/Sophie-Laurent-Lazinier-Elesson-vue-4-300x300.jpg 300w, https:\/\/www.solaulaz.com\/wp-content\/uploads\/2022\/01\/Sophie-Laurent-Lazinier-Elesson-vue-4-150x150.jpg 150w, https:\/\/www.solaulaz.com\/wp-content\/uploads\/2022\/01\/Sophie-Laurent-Lazinier-Elesson-vue-4-768x768.jpg 768w, https:\/\/www.solaulaz.com\/wp-content\/uploads\/2022\/01\/Sophie-Laurent-Lazinier-Elesson-vue-4-1536x1536.jpg 1536w, https:\/\/www.solaulaz.com\/wp-content\/uploads\/2022\/01\/Sophie-Laurent-Lazinier-Elesson-vue-4-2048x2048.jpg 2048w, https:\/\/www.solaulaz.com\/wp-content\/uploads\/2022\/01\/Sophie-Laurent-Lazinier-Elesson-vue-4-600x600.jpg 600w, https:\/\/www.solaulaz.com\/wp-content\/uploads\/2022\/01\/Sophie-Laurent-Lazinier-Elesson-vue-4-100x100.jpg 100w\" sizes=\"(max-width: 1024px) 100vw, 1024px\" \/><\/figure>\n\n\n\n<figure class=\"wp-block-image size-large\"><img decoding=\"async\" width=\"1024\" height=\"1024\" data-id=\"122\" src=\"https:\/\/www.solaulaz.com\/wp-content\/uploads\/2021\/12\/DSC08177_carre-1024x1024.jpg\" alt=\"\" class=\"wp-image-122\" srcset=\"https:\/\/www.solaulaz.com\/wp-content\/uploads\/2021\/12\/DSC08177_carre-1024x1024.jpg 1024w, https:\/\/www.solaulaz.com\/wp-content\/uploads\/2021\/12\/DSC08177_carre-scaled-300x300.jpg 300w, https:\/\/www.solaulaz.com\/wp-content\/uploads\/2021\/12\/DSC08177_carre-scaled-100x100.jpg 100w, https:\/\/www.solaulaz.com\/wp-content\/uploads\/2021\/12\/DSC08177_carre-scaled-600x600.jpg 600w, https:\/\/www.solaulaz.com\/wp-content\/uploads\/2021\/12\/DSC08177_carre-150x150.jpg 150w, https:\/\/www.solaulaz.com\/wp-content\/uploads\/2021\/12\/DSC08177_carre-768x768.jpg 768w, https:\/\/www.solaulaz.com\/wp-content\/uploads\/2021\/12\/DSC08177_carre-1536x1536.jpg 1536w, https:\/\/www.solaulaz.com\/wp-content\/uploads\/2021\/12\/DSC08177_carre-2048x2048.jpg 2048w, https:\/\/www.solaulaz.com\/wp-content\/uploads\/2021\/12\/DSC08177_carre-1200x1200.jpg 1200w, https:\/\/www.solaulaz.com\/wp-content\/uploads\/2021\/12\/DSC08177_carre-1980x1979.jpg 1980w\" sizes=\"(max-width: 1024px) 100vw, 1024px\" \/><\/figure>\n<\/figure>\n\n\n\n<p>Solaulaz vous propose des cr\u00e9ations uniques. Vous pouvez \u00e9galement la contacter pour des demandes sp\u00e9cifiques. Les \u0153uvres pr\u00e9sent\u00e9es ici sont propos\u00e9es \u00e0 la vente ou font partie de collections priv\u00e9es. La disponibilit\u00e9 des pi\u00e8ces en vente est mise \u00e0 jour en temps r\u00e9el. Vous pouvez donc les acqu\u00e9rir en toute confiance \u00e0 partir de ce site s\u00e9curis\u00e9. Chaque sculpture est d\u00e9livr\u00e9e avec sa facture et son certificat d&rsquo;authenticit\u00e9. S&rsquo;il vous manque des informations, n&rsquo;h\u00e9sitez pas \u00e0 <a href=\"tel:0687234144\">t\u00e9l\u00e9phoner<\/a> ou \u00e0 utiliser le <a href=\"https:\/\/www.solaulaz.com\/index.php\/contact\/\">formulaire de contact<\/a>.<\/p>\n\n\n\n<p>Solaulaz &#8211; Sophie Laurent Lazinier &#8211; sculptrice <\/p>\n\n\n\n<p>37 avenue du Ch\u00e2teau 92340 Bourg-La-Reine<\/p>\n\n\n\n<p> T\u00e9l\u00e9phone : <a href=\"tel:0687234144\">06.87.23.41.44<\/a><\/p>\n\n\n\n<p>Mail : <a href=\"mailto:contact@solaulaz.com\">contact@solaulaz.com<\/a><\/p>\n\n\n\n<p>Siren : 88850772000017<a href=\"https:\/\/www.facebook.com\/solaulaz\"><\/a><\/p>\n","protected":false},"excerpt":{"rendered":"<p>Vous souhaitez offrir \u00e0 un proche un cadeau d&rsquo;exception ? Vous avez envie de d\u00e9corer votre int\u00e9rieur avec une \u0153uvre unique et originale ? Solaulaz vous propose des cr\u00e9ations uniques. Vous pouvez \u00e9galement la contacter pour des demandes sp\u00e9cifiques. Les \u0153uvres pr\u00e9sent\u00e9es ici sont propos\u00e9es \u00e0 la vente ou font partie de collections priv\u00e9es. La [&hellip;]<\/p>\n","protected":false},"author":1,"featured_media":0,"parent":0,"menu_order":0,"comment_status":"closed","ping_status":"closed","template":"","meta":{"ocean_post_layout":"","ocean_both_sidebars_style":"","ocean_both_sidebars_content_width":0,"ocean_both_sidebars_sidebars_width":0,"ocean_sidebar":"0","ocean_second_sidebar":"0","ocean_disable_margins":"enable","ocean_add_body_class":"","ocean_shortcode_before_top_bar":"","ocean_shortcode_after_top_bar":"","ocean_shortcode_before_header":"","ocean_shortcode_after_header":"","ocean_has_shortcode":"","ocean_shortcode_after_title":"","ocean_shortcode_before_footer_widgets":"","ocean_shortcode_after_footer_widgets":"","ocean_shortcode_before_footer_bottom":"","ocean_shortcode_after_footer_bottom":"","ocean_display_top_bar":"default","ocean_display_header":"default","ocean_header_style":"","ocean_center_header_left_menu":"0","ocean_custom_header_template":"0","ocean_custom_logo":0,"ocean_custom_retina_logo":0,"ocean_custom_logo_max_width":0,"ocean_custom_logo_tablet_max_width":0,"ocean_custom_logo_mobile_max_width":0,"ocean_custom_logo_max_height":0,"ocean_custom_logo_tablet_max_height":0,"ocean_custom_logo_mobile_max_height":0,"ocean_header_custom_menu":"0","ocean_menu_typo_font_family":"0","ocean_menu_typo_font_subset":"","ocean_menu_typo_font_size":0,"ocean_menu_typo_font_size_tablet":0,"ocean_menu_typo_font_size_mobile":0,"ocean_menu_typo_font_size_unit":"px","ocean_menu_typo_font_weight":"","ocean_menu_typo_font_weight_tablet":"","ocean_menu_typo_font_weight_mobile":"","ocean_menu_typo_transform":"","ocean_menu_typo_transform_tablet":"","ocean_menu_typo_transform_mobile":"","ocean_menu_typo_line_height":0,"ocean_menu_typo_line_height_tablet":0,"ocean_menu_typo_line_height_mobile":0,"ocean_menu_typo_line_height_unit":"","ocean_menu_typo_spacing":0,"ocean_menu_typo_spacing_tablet":0,"ocean_menu_typo_spacing_mobile":0,"ocean_menu_typo_spacing_unit":"","ocean_menu_link_color":"","ocean_menu_link_color_hover":"","ocean_menu_link_color_active":"","ocean_menu_link_background":"","ocean_menu_link_hover_background":"","ocean_menu_link_active_background":"","ocean_menu_social_links_bg":"","ocean_menu_social_hover_links_bg":"","ocean_menu_social_links_color":"","ocean_menu_social_hover_links_color":"","ocean_disable_title":"default","ocean_disable_heading":"default","ocean_post_title":"","ocean_post_subheading":"","ocean_post_title_style":"","ocean_post_title_background_color":"","ocean_post_title_background":0,"ocean_post_title_bg_image_position":"","ocean_post_title_bg_image_attachment":"","ocean_post_title_bg_image_repeat":"","ocean_post_title_bg_image_size":"","ocean_post_title_height":0,"ocean_post_title_bg_overlay":0.5,"ocean_post_title_bg_overlay_color":"","ocean_disable_breadcrumbs":"default","ocean_breadcrumbs_color":"","ocean_breadcrumbs_separator_color":"","ocean_breadcrumbs_links_color":"","ocean_breadcrumbs_links_hover_color":"","ocean_display_footer_widgets":"default","ocean_display_footer_bottom":"default","ocean_custom_footer_template":"0","footnotes":""},"class_list":["post-900","page","type-page","status-publish","hentry","entry","owp-thumbs-layout-horizontal","owp-btn-normal","owp-tabs-layout-horizontal","has-no-thumbnails","has-product-nav"],"yoast_head":"<!-- This site is optimized with the Yoast SEO plugin v27.3 - https:\/\/yoast.com\/product\/yoast-seo-wordpress\/ -->\n<title>Qui sommes-nous ? - Sophie Laurent Lazinier - sculptrice<\/title>\n<meta name=\"robots\" content=\"index, follow, max-snippet:-1, max-image-preview:large, max-video-preview:-1\" \/>\n<link rel=\"canonical\" href=\"https:\/\/www.solaulaz.com\/index.php\/qui-sommes-nous\/\" \/>\n<meta property=\"og:locale\" content=\"fr_FR\" \/>\n<meta property=\"og:type\" content=\"article\" \/>\n<meta property=\"og:title\" content=\"Qui sommes-nous ? - Sophie Laurent Lazinier - sculptrice\" \/>\n<meta property=\"og:description\" content=\"Vous souhaitez offrir \u00e0 un proche un cadeau d&rsquo;exception ? Vous avez envie de d\u00e9corer votre int\u00e9rieur avec une \u0153uvre unique et originale ? Solaulaz vous propose des cr\u00e9ations uniques. Vous pouvez \u00e9galement la contacter pour des demandes sp\u00e9cifiques. Les \u0153uvres pr\u00e9sent\u00e9es ici sont propos\u00e9es \u00e0 la vente ou font partie de collections priv\u00e9es. La [&hellip;]\" \/>\n<meta property=\"og:url\" content=\"https:\/\/www.solaulaz.com\/index.php\/qui-sommes-nous\/\" \/>\n<meta property=\"og:site_name\" content=\"Sophie Laurent Lazinier - sculptrice\" \/>\n<meta property=\"article:publisher\" content=\"https:\/\/www.facebook.com\/solaulaz\" \/>\n<meta property=\"article:modified_time\" content=\"2025-12-17T15:32:49+00:00\" \/>\n<meta property=\"og:image\" content=\"https:\/\/www.solaulaz.com\/wp-content\/uploads\/2022\/01\/IMG_6111-scaled.jpg\" \/>\n\t<meta property=\"og:image:width\" content=\"2560\" \/>\n\t<meta property=\"og:image:height\" content=\"2560\" \/>\n\t<meta property=\"og:image:type\" content=\"image\/jpeg\" \/>\n<meta name=\"twitter:card\" content=\"summary_large_image\" \/>\n<meta name=\"twitter:label1\" content=\"Dur\u00e9e de lecture estim\u00e9e\" \/>\n\t<meta name=\"twitter:data1\" content=\"2 minutes\" \/>\n<script type=\"application\/ld+json\" class=\"yoast-schema-graph\">{\"@context\":\"https:\\\/\\\/schema.org\",\"@graph\":[{\"@type\":\"WebPage\",\"@id\":\"https:\\\/\\\/www.solaulaz.com\\\/index.php\\\/qui-sommes-nous\\\/\",\"url\":\"https:\\\/\\\/www.solaulaz.com\\\/index.php\\\/qui-sommes-nous\\\/\",\"name\":\"Qui sommes-nous ? - Sophie Laurent Lazinier - sculptrice\",\"isPartOf\":{\"@id\":\"https:\\\/\\\/www.solaulaz.com\\\/#website\"},\"primaryImageOfPage\":{\"@id\":\"https:\\\/\\\/www.solaulaz.com\\\/index.php\\\/qui-sommes-nous\\\/#primaryimage\"},\"image\":{\"@id\":\"https:\\\/\\\/www.solaulaz.com\\\/index.php\\\/qui-sommes-nous\\\/#primaryimage\"},\"thumbnailUrl\":\"https:\\\/\\\/www.solaulaz.com\\\/wp-content\\\/uploads\\\/2022\\\/01\\\/IMG_6111-1024x1024.jpg\",\"datePublished\":\"2022-01-10T12:00:54+00:00\",\"dateModified\":\"2025-12-17T15:32:49+00:00\",\"breadcrumb\":{\"@id\":\"https:\\\/\\\/www.solaulaz.com\\\/index.php\\\/qui-sommes-nous\\\/#breadcrumb\"},\"inLanguage\":\"fr-FR\",\"potentialAction\":[{\"@type\":\"ReadAction\",\"target\":[\"https:\\\/\\\/www.solaulaz.com\\\/index.php\\\/qui-sommes-nous\\\/\"]}]},{\"@type\":\"ImageObject\",\"inLanguage\":\"fr-FR\",\"@id\":\"https:\\\/\\\/www.solaulaz.com\\\/index.php\\\/qui-sommes-nous\\\/#primaryimage\",\"url\":\"https:\\\/\\\/www.solaulaz.com\\\/wp-content\\\/uploads\\\/2022\\\/01\\\/IMG_6111-1024x1024.jpg\",\"contentUrl\":\"https:\\\/\\\/www.solaulaz.com\\\/wp-content\\\/uploads\\\/2022\\\/01\\\/IMG_6111-1024x1024.jpg\"},{\"@type\":\"BreadcrumbList\",\"@id\":\"https:\\\/\\\/www.solaulaz.com\\\/index.php\\\/qui-sommes-nous\\\/#breadcrumb\",\"itemListElement\":[{\"@type\":\"ListItem\",\"position\":1,\"name\":\"Accueil\",\"item\":\"https:\\\/\\\/www.solaulaz.com\\\/\"},{\"@type\":\"ListItem\",\"position\":2,\"name\":\"Qui sommes-nous ?\"}]},{\"@type\":\"WebSite\",\"@id\":\"https:\\\/\\\/www.solaulaz.com\\\/#website\",\"url\":\"https:\\\/\\\/www.solaulaz.com\\\/\",\"name\":\"Sophie Laurent Lazinier - sculptrice\",\"description\":\"Un regard pour capter l instant\",\"publisher\":{\"@id\":\"https:\\\/\\\/www.solaulaz.com\\\/#organization\"},\"potentialAction\":[{\"@type\":\"SearchAction\",\"target\":{\"@type\":\"EntryPoint\",\"urlTemplate\":\"https:\\\/\\\/www.solaulaz.com\\\/?s={search_term_string}\"},\"query-input\":{\"@type\":\"PropertyValueSpecification\",\"valueRequired\":true,\"valueName\":\"search_term_string\"}}],\"inLanguage\":\"fr-FR\"},{\"@type\":\"Organization\",\"@id\":\"https:\\\/\\\/www.solaulaz.com\\\/#organization\",\"name\":\"SOLAULAZ\",\"url\":\"https:\\\/\\\/www.solaulaz.com\\\/\",\"logo\":{\"@type\":\"ImageObject\",\"inLanguage\":\"fr-FR\",\"@id\":\"https:\\\/\\\/www.solaulaz.com\\\/#\\\/schema\\\/logo\\\/image\\\/\",\"url\":\"https:\\\/\\\/www.solaulaz.com\\\/wp-content\\\/uploads\\\/2022\\\/01\\\/solaulaz.png\",\"contentUrl\":\"https:\\\/\\\/www.solaulaz.com\\\/wp-content\\\/uploads\\\/2022\\\/01\\\/solaulaz.png\",\"width\":629,\"height\":629,\"caption\":\"SOLAULAZ\"},\"image\":{\"@id\":\"https:\\\/\\\/www.solaulaz.com\\\/#\\\/schema\\\/logo\\\/image\\\/\"},\"sameAs\":[\"https:\\\/\\\/www.facebook.com\\\/solaulaz\",\"https:\\\/\\\/www.instagram.com\\\/solaulaz\\\/?hl=fr\",\"https:\\\/\\\/www.pinterest.fr\\\/solaulaz\\\/\"]}]}<\/script>\n<!-- \/ Yoast SEO plugin. -->","yoast_head_json":{"title":"Qui sommes-nous ? - Sophie Laurent Lazinier - sculptrice","robots":{"index":"index","follow":"follow","max-snippet":"max-snippet:-1","max-image-preview":"max-image-preview:large","max-video-preview":"max-video-preview:-1"},"canonical":"https:\/\/www.solaulaz.com\/index.php\/qui-sommes-nous\/","og_locale":"fr_FR","og_type":"article","og_title":"Qui sommes-nous ? - Sophie Laurent Lazinier - sculptrice","og_description":"Vous souhaitez offrir \u00e0 un proche un cadeau d&rsquo;exception ? Vous avez envie de d\u00e9corer votre int\u00e9rieur avec une \u0153uvre unique et originale ? Solaulaz vous propose des cr\u00e9ations uniques. Vous pouvez \u00e9galement la contacter pour des demandes sp\u00e9cifiques. Les \u0153uvres pr\u00e9sent\u00e9es ici sont propos\u00e9es \u00e0 la vente ou font partie de collections priv\u00e9es. La [&hellip;]","og_url":"https:\/\/www.solaulaz.com\/index.php\/qui-sommes-nous\/","og_site_name":"Sophie Laurent Lazinier - sculptrice","article_publisher":"https:\/\/www.facebook.com\/solaulaz","article_modified_time":"2025-12-17T15:32:49+00:00","og_image":[{"width":2560,"height":2560,"url":"https:\/\/www.solaulaz.com\/wp-content\/uploads\/2022\/01\/IMG_6111-scaled.jpg","type":"image\/jpeg"}],"twitter_card":"summary_large_image","twitter_misc":{"Dur\u00e9e de lecture estim\u00e9e":"2 minutes"},"schema":{"@context":"https:\/\/schema.org","@graph":[{"@type":"WebPage","@id":"https:\/\/www.solaulaz.com\/index.php\/qui-sommes-nous\/","url":"https:\/\/www.solaulaz.com\/index.php\/qui-sommes-nous\/","name":"Qui sommes-nous ? - Sophie Laurent Lazinier - sculptrice","isPartOf":{"@id":"https:\/\/www.solaulaz.com\/#website"},"primaryImageOfPage":{"@id":"https:\/\/www.solaulaz.com\/index.php\/qui-sommes-nous\/#primaryimage"},"image":{"@id":"https:\/\/www.solaulaz.com\/index.php\/qui-sommes-nous\/#primaryimage"},"thumbnailUrl":"https:\/\/www.solaulaz.com\/wp-content\/uploads\/2022\/01\/IMG_6111-1024x1024.jpg","datePublished":"2022-01-10T12:00:54+00:00","dateModified":"2025-12-17T15:32:49+00:00","breadcrumb":{"@id":"https:\/\/www.solaulaz.com\/index.php\/qui-sommes-nous\/#breadcrumb"},"inLanguage":"fr-FR","potentialAction":[{"@type":"ReadAction","target":["https:\/\/www.solaulaz.com\/index.php\/qui-sommes-nous\/"]}]},{"@type":"ImageObject","inLanguage":"fr-FR","@id":"https:\/\/www.solaulaz.com\/index.php\/qui-sommes-nous\/#primaryimage","url":"https:\/\/www.solaulaz.com\/wp-content\/uploads\/2022\/01\/IMG_6111-1024x1024.jpg","contentUrl":"https:\/\/www.solaulaz.com\/wp-content\/uploads\/2022\/01\/IMG_6111-1024x1024.jpg"},{"@type":"BreadcrumbList","@id":"https:\/\/www.solaulaz.com\/index.php\/qui-sommes-nous\/#breadcrumb","itemListElement":[{"@type":"ListItem","position":1,"name":"Accueil","item":"https:\/\/www.solaulaz.com\/"},{"@type":"ListItem","position":2,"name":"Qui sommes-nous ?"}]},{"@type":"WebSite","@id":"https:\/\/www.solaulaz.com\/#website","url":"https:\/\/www.solaulaz.com\/","name":"Sophie Laurent Lazinier - sculptrice","description":"Un regard pour capter l instant","publisher":{"@id":"https:\/\/www.solaulaz.com\/#organization"},"potentialAction":[{"@type":"SearchAction","target":{"@type":"EntryPoint","urlTemplate":"https:\/\/www.solaulaz.com\/?s={search_term_string}"},"query-input":{"@type":"PropertyValueSpecification","valueRequired":true,"valueName":"search_term_string"}}],"inLanguage":"fr-FR"},{"@type":"Organization","@id":"https:\/\/www.solaulaz.com\/#organization","name":"SOLAULAZ","url":"https:\/\/www.solaulaz.com\/","logo":{"@type":"ImageObject","inLanguage":"fr-FR","@id":"https:\/\/www.solaulaz.com\/#\/schema\/logo\/image\/","url":"https:\/\/www.solaulaz.com\/wp-content\/uploads\/2022\/01\/solaulaz.png","contentUrl":"https:\/\/www.solaulaz.com\/wp-content\/uploads\/2022\/01\/solaulaz.png","width":629,"height":629,"caption":"SOLAULAZ"},"image":{"@id":"https:\/\/www.solaulaz.com\/#\/schema\/logo\/image\/"},"sameAs":["https:\/\/www.facebook.com\/solaulaz","https:\/\/www.instagram.com\/solaulaz\/?hl=fr","https:\/\/www.pinterest.fr\/solaulaz\/"]}]}},"_links":{"self":[{"href":"https:\/\/www.solaulaz.com\/index.php\/wp-json\/wp\/v2\/pages\/900","targetHints":{"allow":["GET"]}}],"collection":[{"href":"https:\/\/www.solaulaz.com\/index.php\/wp-json\/wp\/v2\/pages"}],"about":[{"href":"https:\/\/www.solaulaz.com\/index.php\/wp-json\/wp\/v2\/types\/page"}],"author":[{"embeddable":true,"href":"https:\/\/www.solaulaz.com\/index.php\/wp-json\/wp\/v2\/users\/1"}],"replies":[{"embeddable":true,"href":"https:\/\/www.solaulaz.com\/index.php\/wp-json\/wp\/v2\/comments?post=900"}],"version-history":[{"count":10,"href":"https:\/\/www.solaulaz.com\/index.php\/wp-json\/wp\/v2\/pages\/900\/revisions"}],"predecessor-version":[{"id":2571,"href":"https:\/\/www.solaulaz.com\/index.php\/wp-json\/wp\/v2\/pages\/900\/revisions\/2571"}],"wp:attachment":[{"href":"https:\/\/www.solaulaz.com\/index.php\/wp-json\/wp\/v2\/media?parent=900"}],"curies":[{"name":"wp","href":"https:\/\/api.w.org\/{rel}","templated":true}]}}